 + 3*n, 2*q = 2*n - 18. Let t be m(q). Let p = 1448 - t. Is p a prime number?
False
Let n = -603932 + 947823. Is n a prime number?
True
Suppose 33*y + 10 = 34*y. Suppose -y*d - 38 = -238. Is 0*4/d + 737 prime?
False
Suppose -1200*v + 1209*v = -171. Let x(h) = -h**3 - 9*h**2 - 19*h - 28. Is x(v) prime?
True
Suppose -98358415 - 69627589 = -163*i + 52606623. Is i a prime number?
True
Let u(l) = 66*l - 25 - 33 + 62. Suppose 0 = -5*z + 35 - 10. Is u(z) a composite number?
True
Suppose v + 5*k = 3, -v + 0*k = 4*k - 3. Suppose 0 = -h + o - 1447, -3*h - o - 4334 = v*o. Let r = 2533 + h. Is r composite?
False
Suppose -5*p + 256 = -1539. Suppose 4*a + 18813 = 5*s, s - a - 4122 = -p. Is s a composite number?
False
Suppose 2*k + 0*k - 5*j - 23133 = 0, 5*k + j = 57819. Suppose 2*z - k = -3*m, -3*z + 6*z - 5*m - 17327 = 0. Is z a prime number?
True
Let m = 206292 - -94747. Is m a composite number?
False
Suppose 5*j = -4*x + 27, -j - x + 2*x + 9 = 0. Suppose j*g - 2565 = 8866. Is g composite?
True
Suppose -4*y + 412496 = -c, 0 = -5*y + 38*c - 37*c + 515619. Is y a composite number?
False
Let j(z) = -29*z**3 - 32*z**2 + 185*z - 69. Is j(-18) a prime number?
False
Suppose 18*x + 20438 = -4*x. Let g = -436 - x. Is g composite?
True
Suppose -17693 = -15*j + 71602. Is j a prime number?
True
Let r = 21 + -16. Let c(t) = -t - 4*t**2 - r*t**2 + 2*t**3 + 3*t**2 + 0*t**3 - 3. Is c(8) composite?
True
Let p(g) = -2624*g - 979. Is p(-42) composite?
False
Let a(v) = 4*v + 13. Let l be a(-6). Let x(m) = 2*m**2 + 10*m - 5. Is x(l) composite?
False
Let d be 10/(-4) + (-30)/20. Let l be -6 + 3 - (-8 - d). Is 41*3 - (-3 - l) a composite number?
False
Let i(w) be the third derivative of w**5/6 - w**4/24 + 2*w**3 + 164*w**2. Is i(-25) composite?
False
Let d(r) = -27*r - 63. Let y be d(-6). Let v = 124 - y. Is v a prime number?
False
Let y = -54853 - -110144. Is y composite?
False
Let z be 708/(-28) + 2/7. Let b = -2 - z. Let i = 46 - b. Is i a composite number?
False
Let l = 109 + -110. Is 24*17 + (l + -2)*-1 a composite number?
True
Suppose -2*o - 3*o - 35666 = -t, 16*t - 570741 = -5*o. Is t prime?
True
Suppose r + 1 = 3*t, 0 = -t - t + r - 1. Let q be (10/t + -1)/2. Is -3 + 191 - q - 1 a composite number?
True
Let x(j) = -38*j**3 - 4*j**2 - 2*j + 9. Let l be x(-3). Is (-36)/(-90) + 36/10 + l a composite number?
False
Let h be (-258)/(-24) - 1 - 2/(-8). Suppose 0 = -h*d + 78621 + 26369. Is d a composite number?
False
Let m = 28916 - 16782. Is m a composite number?
True
Suppose 56 = x + 3*x. Let v(b) = -b**3 + 14*b**2 - 2*b + 31. Let n be v(x). Suppose 5*o - 9430 = -n*c, o - 2534 = -4*c - 631. Is o a prime number?
False
Suppose i + 20 = -g - i, -4*g + 3*i - 36 = 0. Let v(p) = -5*p**3 + 34*p**2 - 9*p + 25. Is v(g) a composite number?
False
Let p(u) = u**3 + u**2 + 5. Let o = -108 + 108. Let k be p(o). Suppose -k*r - 3*l + 408 = -1418, -2*l + 1095 = 3*r. Is r prime?
True
Let f = 5953 + -5808. Is f prime?
False
Is (-5 + (4 - 3))*(-6)/((-120)/(-4549415)) composite?
True
Let n(g) = 106*g**3 - 9*g**2 + 13*g + 7. Suppose -5*c - 5*j + 14 = -11, 0 = 4*c - 4*j - 4. Is n(c) a composite number?
True
Suppose 2994 = 7*r - 9. Let q = r - 95. Let w = 1085 - q. Is w a composite number?
False
Let m = 1562652 - 956539. Is m prime?
True
Let l(f) = -f**2 + 43*f - 206. Let h be l(34). Is (14068/1)/(h/25) composite?
False
Let b(z) = 1690*z. Let t be b(5). Suppose -9*d + 8*d + 9321 = 2*g, 0 = -5*g + 7*d + 23236. Let c = t - g. Is c a composite number?
False
Suppose -2*f + 3*l = -2 + 52, -4*l + 20 = -f. Let b(s) = -73*s - 61. Is b(f) composite?
True
Let j = -1 - -28. Suppose -j = -2*q - 5*c - 5, 2*q + 4*c = 18. Is q/2*-46*284/(-4) prime?
False
Let q(w) = -3*w + 11. Let d(y) = -13*y + 45. Let u(h) = -2*d(h) + 9*q(h). Let n be u(4). Suppose 0*r = r - n, 486 = p - r. Is p a prime number?
True
Let l be (-10 - -1103)/(0 - -1). Suppose 5*j - 1817 = 4*n, -10*n = -3*j - 9*n + l. Is j a prime number?
False
Suppose 3*x = 62*a - 61*a - 529498, -4*a + 5*x + 2118027 = 0. Is a prime?
True
Let d = -107 - -129. Let s = 20 - d. Let b(z) = -158*z**3 - 2*z**2 - 4*z - 5. Is b(s) prime?
True
Let s be (15/60)/(1/4). Let r be (1 - s/2)*704. Let n = -183 + r. Is n composite?
True
Let h = -684 - -1618. Let s = 421 + h. Is s a prime number?
False
Suppose 1358312 = 4*l - 4*x, 679161 = 2*l + 22*x - 23*x. Is l composite?
False
Let q(z) = -62*z + 39. Let m be q(18). Let x = m + 1577. Let k = x + -154. Is k a composite number?
True
Is (-14)/(-4) + (-3)/(-6) - (-125602 - 11) prime?
True
Let h(y) = y**2 + y - 2. Suppose -4*d - 8 = 3*r - 4*r, -4*r - 28 = 4*d. Let l be h(d). Is (6/l)/(0 + (-4)/(-376)) a prime number?
False
Let w(k) = k**2 + 13*k - 20. Let l be w(-16). Suppose 3*c - q = 14, l = -0*c + 4*c + q. Suppose y - 5*o - 1717 = 0, 7*o = c*o. Is y prime?
False
Let j = -749 - 799. Suppose 3*z + 2*z + 13315 = 0. Let p = j - z. Is p prime?
False
Let r(y) be the third derivative of y**4/24 + y**3 + 26*y**2. Let a be r(-5). Is (-69 + 1 + a)*-3 composite?
True
Let x be (-85352 - 100)*(-3)/((-12)/(-7)). Suppose -57*d = -54*d - x. Is d composite?
True
Is 4*12504/128*(9125/15 - -1) prime?
False
Let z(a) = 99*a**2 + 9*a - 17. Let i be z(9). Suppose 0 = -2*w + 5*f + i, 247 = w + 4*f - 3814. Is w composite?
False
Suppose 5*d = a + 1 + 2, 3*d + 1 = 2*a. Is -6*d + 66795/15 composite?
False
Suppose -81*j - 1653757 = -112*j. Is j prime?
False
Suppose -69*f = -38432427 + 11729496. Is f a composite number?
True
Let a(p) = -p**2 - 12*p - 3. Let c be a(-8). Suppose c*m - 27 = 26*m. Is m/(-90) + (-34551)/(-10) prime?
False
Let r(h) = -h**3 + 5*h**2 - 8*h + 8. Let f be r(3). Suppose -f*w + 19*w = 38165. Is w prime?
False
Let h = 19 - 15. Suppose -h*g + 564 + 76 = 0. Suppose 2*r - r = -2*t + 163, 4*r = -2*t + g. Is t a composite number?
True
Let w be (6489/42)/(1/148). Suppose 44*m + w = 50*m. Is m prime?
False
Suppose 22 = m + 5*z + 3, 0 = -m - z + 7. Suppose -5*b - 21071 = -2*d - 2637, m*b - 16 = 0. Is d composite?
False
Let r(p) be the third derivative of -17*p**6/120 + p**5/12 + 5*p**4/24 + 2*p**3/3 - 7*p**2. Suppose 4*y + 6*i = 3*i, 3*y + 5*i - 11 = 0. Is r(y) a prime number?
False
Let a = -1044 + 276. Let m = -3674 + 5185. Let v = a + m. Is v composite?
False
Let p = -4847 - -154869. Is p a composite number?
True
Suppose -5*d - 5 + 25 = 0, 0 = 4*c + 4*d - 76. Let n(q) = -12*q**3 + 19*q**3 + 7*q**2 - 8 - 10*q**3 + c*q. Is n(-7) a composite number?
False
Suppose r = 3*r + w + 165, r + 84 = -w. Let o = -452 - r. Let x = o - -550. Is x a prime number?
True
Let f = 11 + -9. Let w be f/(-9) - 2/(-9). Suppose 3*g - 489 = -w*g. Is g a prime number?
True
Let k = -182 + 182. Suppose -2629 = -3*z - 4*v - 248, -v + 2 = k. Is z prime?
False
Suppose -455865 = -5*a - 131805. Let g be a/209 + 4/(-38). Suppose -4*q = 3*n + q - 916, 0 = n - 3*q - g. Is n prime?
True
Let c be (-94)/2*(1 + 0). Let d = c - -50. Suppose -d*y + 124 = -245. Is y a composite number?
True
Let h = 3941 - -810. Is h composite?
False
Is (78/117)/(4/1446474) prime?
True
Suppose l - 5*x = 25, 10 = -2*l + x - 3*x. Suppose 0 = 4*n - r - 15, -n + l*r = -r - 6. Suppose -n*z - 416 = -4661. Is z prime?
False
Suppose 15*a - 9134 = 2926. Let y = a - 173. Is y composite?
False
Let y = -118 + 118. Suppose 0 = -4*d - n + 3*n, -d - 4*n + 18 = 0. Suppose 3*x = -d*k + 499, -3*x = -4*k - y*x + 1043. Is k prime?
True
Let t be -1 + 0 + (24 - 3610). Let u = 2814 - t. Is u composite?
True
Suppose -840510 = -20*x + 1139510. Is x prime?
False
Let u(m) = 37*m**2 - 38*m + 133. Is u(-54) composite?
True
Let f(l) = -10*l - 184. Let w be f(-19). Suppose -5*i - 43763 = -4*h - 0*h, -2*i = w. Is h a prime number?
True
Let j(u) = 0*u - 1196*u**2 - 2*u + 1349*u**2 - 1. Let g be j(-2). Suppose 4*d + g = 7*d. Is d a composite number?
True
Suppose o = 6*o - 2*o. Suppose o = -t - 2, -796 - 1210 = -4*n - t. Is n prime?
False
Suppose -2*b + 23 = 15. Suppose b*d = -2*x - d + 7094, 0 = 3*x + 4*d - 10655. Is x prime?
True
Suppose -16*m + 18*m + 698 = 0. Let c be 4682/5 - (-2)/(-5). Let h = m + c. Is h composite?
False
Suppose 15*i + 11*i - 1142449 - 1390965 = 0. Is i a prime number?
False
Suppose 3*u - s - 107521 = -3*s, -5*u + 3*s = -179189. Is u composite?
False
Is 16906/(20 - 3 - 15) composite?
True
Let k = 50000 - 10413. Is k 